the ten thousands digit of 267062?
6
What is the ten thousands digit of 45794?
4
What is the tens digit of 24388461?
6
What is the units digit of 176738?
8
What is the millions digit of 2615601?
2
What is the thousands digit of 4651695?
1
What is the ten thousands digit of 153681?
5
What is the tens digit of 107339?
3
What is the hundred thousands digit of 638554?
6
What is the millions digit of 3820219?
3
What is the ten millions digit of 12733736?
1
What is the units digit of 10321499?
9
What is the hundreds digit of 29470?
4
What is the hundreds digit of 100290?
2
What is the units digit of 10236217?
7
What is the units digit of 2662122?
2
What is the millions digit of 13190220?
3
What is the units digit of 313881?
1
What is the hundred thousands digit of 178603?
1
What is the hundred thousands digit of 5771470?
7
What is the ten thousands digit of 152827?
5
What is the units digit of 195662?
2
What is the tens digit of 8367330?
3
What is the millions digit of 6532589?
6
What is the millions digit of 12343325?
2
What is the millions digit of 8224497?
8
What is the tens digit of 4027784?
8
What is the tens digit of 2097089?
8
What is the tens digit of 41160?
6
What is the tens digit of 209926?
2
What is the tens digit of 199220?
2
What is the millions digit of 2871780?
2
What is the hundreds digit of 28097?
0
What is the hundred thousands digit of 534811?
5
What is the thousands digit of 2327764?
7
What is the units digit of 7774733?
3
What is the hundred thousands digit of 440010?
4
What is the ten thousands digit of 550249?
5
What is the hundred thousands digit of 297338?
2
What is the ten thousands digit of 2206663?
0
What is the thousands digit of 8617306?
7
What is the units digit of 7834060?
0
What is the units digit of 338342?
2
What is the ten thousands digit of 830873?
3
What is the ten thousands digit of 1916528?
1
What is the hundred thousands digit of 146654?
1
What is the tens digit of 769542?
4
What is the hundred thousands digit of 1247955?
2
What is the hundreds digit of 2318852?
8
What is the units digit of 522973?
3
What is the ten thousands digit of 251885?
5
What is the thousands digit of 2792140?
2
What is the hundreds digit of 275356?
3
What is the thousands digit of 21216?
1
What is the millions digit of 10790382?
0
What is the thousands digit of 311838?
1
What is the hundred thousands digit of 310158?
3
What is the tens digit of 8598878?
7
What is the units digit of 89697?
7
What is the units digit of 72140?
0
What is the units digit of 145031?
1
What is the thousands digit of 224292?
4
What is the hundreds digit of 179905?
9
What is the millions digit of 1837967?
1
What is the tens digit of 100580?
8
What is the ten thousands digit of 1555729?
5
What is the hundreds digit of 7410506?
5
What is the hundred thousands digit of 1233402?
2
What is the tens digit of 305938?
3
What is the tens digit of 582640?
4
What is the hundred thousands digit of 1591392?
5
What is the tens digit of 80306?
0
What is the thousands digit of 1621320?
1
What is the ten thousands digit of 439033?
3
What is the thousands digit of 100039?
0
What is the thousands digit of 2236842?
6
What is the ten thousands digit of 156646?
5
What is the tens digit of 1335737?
3
What is the hundreds digit of 9906776?
7
What is the units digit of 218372?
2
What is the tens digit of 1034691?
9
What is the hundreds digit of 1171468?
4
What is the hundred thousands digit of 168947?
1
What is the ten thousands digit of 134707?
3
What is the hundreds digit of 3806785?
7
What is the tens digit of 703688?
8
What is the hundred thousands digit of 12702326?
7
What is the thousands digit of 20749917?
9
What is the tens digit of 1773678?
7
What is the units digit of 233074?
4
What is the thousands digit of 825554?
5
What is the tens digit of 4006916?
1
What is the hundred thousands digit of 503522?
5
What is the millions digit of 8538690?
8
What is the tens digit of 2288289?
8
What is the units digit of 1099405?
5
What is the millions digit of 1227239?
1
What is the millions digit of 26176674?
6
What is the millions digit of 3640960?
3
What is the millions digit of 6814498?
6
What is the ten millions digit of 18703492?
1
What is the hundred thousands digit of 4822865?
8
What is the hundred thousands digit of 827432?
8
What is the hundreds digit of 425164?
1
What is the hundreds digit of 670514?
5
What is the hundred thousands digit of 9664936?
6
What is the hundred thousands digit of 15999109?
9
What is the units digit of 2183218?
8
What is the millions digit of 6609015?
6
What is the millions digit of 1007120?
1
What is the hundred thousands digit of 15891979?
8
What is the millions digit of 5949152?
5
What is the hundred thousands digit of 1689977?
6
What is the hundreds digit of 352816?
8
What is the thousands digit of 3302052?
2
What is the tens digit of 981606?
0
What is the millions digit of 1025503?
1
What is the hundred thousands digit of 1075252?
0
What is the ten thousands digit of 11587347?
8
What is the units digit of 287098?
8
What is the ten thousands digit of 5542773?
4
What is the tens digit of 856591?
9
What is the units digit of 10458138?
8
What is the ten thousands digit of 200462?
0
What is the hundred thousands digit of 5243103?
2
What is the ten thousands digit of 1779289?
7
What is the thousands digit of 6339688?
9
What is the tens digit of 662368?
6
What is the units digit of 4034?
4
What is the units digit of 2965372?
2
What is the ten thousands digit of 814126?
1
What is the tens digit of 8196059?
5
What is the tens digit of 37776?
7
What is the millions digit of 4527036?
4
What is the units digit of 1876107?
7
What is the thousands digit of 26805096?
5
What is the tens digit of 271477?
7
What is the hundreds digit of 919741?
7
What is the hundred thousands digit of 299870?
2
What is the thousands digit of 17636117?
6
What is the ten millions digit of 14412774?
1
What is the units digit of 1298203?
3
What is the tens digit of 1572428?
2
What is the thousands digit of 316794?
6
What is the hundred thousands digit of 784391?
7
What is the thousands digit of 7732288?
2
What is the ten thousands digit of 528609?
2
What is the tens digit of 26974?
7
What is the thousands digit of 715109?
5
What is the tens digit of 409283?
8
What is the thousands digit of 255710?
5
What is the tens digit of 9871415?
1
What is the hundred thousands digit of 296891?
2
What is the hundred thousands digit of 1300274?
3
What is the ten thousands digit of 477449?
7
What is the units digit of 292583?
3
What is the tens digit of 308351?
5
What is the units digit of 1345226?
6
What is the thousands digit of 2616933?
6
What is the hundred thousands digit of 1576871?
5
What is the hundreds digit of 9625?
6
What is the hundreds digit of 85647?
6
What is the units digit of 310699?
9
What is the ten thousands digit of 1560925?
6
What is the units digit of 138219?
9
What is the thousands digit of 125773?
5
What is the hundred thousands digit of 595962?
5
What is the thousands digit of 362788?
2
What is the hundreds digit of 8707376?
3
What is the hundred thousands digit of 5857607?
8
What is the ten thousands digit of 15061617?
6
What is the hundred thousands digit of 326470?
3
What is the tens digit of 2649901?
0
What is the ten thousands digit of 2313035?
1
What is the ten thousands digit of 545067?
4
What is the hundred thousands digit of 776488?
7
What is the units digit of 1457157?
7
What is the thousands digit of 2106290?
6
What is the hundreds digit of 1667708?
7
What is the hundreds digit of 14879500?
5
What is the millions digit of 12332936?
2
What is the hundreds digit of 1601298?
2
What is the ten thousands digit of 5197160?
9
What is the millions digit of 1513380?
1
What is the tens digit of 648364?
6
What is the hundred thousands digit of 4860858?
8
What is the hundreds digit of 717713?
7
What is the units digit of 368986?
6
What is the tens digit of 1706371?
7
What is the tens digit of 7068993?
9
What is the hundreds digit of 879?
8
What is the hundred thousands digit of 28164741?
1
What is the hundreds digit of 176046?
0
What is the hundreds digit of 10023174?
1
What is the thousands digit of 5524034?
4
What is the thousands digit of 797688?
7
What is the units d